et o(m) = 2*m + 1. Let h be o(2). Suppose -2*y = 0, h*b = -4*y - 1 - 4. What is the remainder when (b - -4)*26/2 is divided by 10?
9
Let k = -194 + 206. Let s = -3 + 10. What is the remainder when k is divided by s?
5
Let k(g) = 10*g**2 - 14*g - 18. What is the remainder when k(-6) is divided by 39?
36
Suppose -2912 = -26*l - 0*l. What is the remainder when l is divided by 14?
0
Let r = -82 - -119. Calculate the remainder when r is divided by 18.
1
Let x = 615 - 535. What is the remainder when x is divided by 12?
8
Suppose -3*x = 11 + 1. Let r be -1*(3 + x/(-2)). Let s = r - -14. What is the remainder when 26 is divided by s?
8
Let y(j) be the second derivative of -j**3/6 + 6*j**2 + 7*j. Let x be y(10). What is the remainder when 13 is divided by -6*(-4)/8 + x?
3
Let q = 57 + -62. Let w(l) = l**2 + 4*l + 6. What is the remainder when (-1)/(-3) + (-158)/(-3) is divided by w(q)?
9
Suppose -5*r = l + 7, 2*l - 5*r = -2*l + 22. Suppose -2*d + l*d - z = -4, d + 5*z = 8. Let m = d + 7. What is the remainder when 19 is divided by m?
4
Suppose -5*w + 32*i - 31*i + 2945 = 0, -w + 570 = -4*i. Calculate the remainder when w is divided by 18.
14
Let b = -18 - -26. Suppose b*n = 7*n + 11. Suppose 35 = 11*q - 6*q. Calculate the remainder when n is divided by q.
4
Calculate the remainder when (0 + 4*(-1)/(-4))*375 is divided by 127.
121
Let y be (-1)/(-1)*(90 + -2 - 1). Suppose 0*q + y = 3*q. Calculate the remainder when 56 is divided by q.
27
Let p = -58 - -103. Suppose -3*v = -5*x - 44, -3*x - 4 = 2*v - 8. Calculate the remainder when p is divided by v.
5
Let n = -115 - -137. What is the remainder when 36 is divided by (n/(-5))/(2/(-10))?
14
Suppose 4*k + 0 = -3*z + 2, -3*k = 4*z + 2. Let x = 5 + z. Suppose x*d - 64 = -b - 1, d - 4*b = 21. What is the remainder when 40 is divided by d?
19
Let x = 694 + -673. Calculate the remainder when 564 is divided by x.
18
Calculate the remainder when 209 is divided by (-18 - -32)/((-16)/12 - -2).
20
Suppose 4*i + i - 5 = 0, 5*u - 374 = -4*i. What is the remainder when u is divided by 26?
22
Let u = 1601 + -1219. Calculate the remainder when u is divided by 16.
14
Suppose 5*t = -4*w - 414, 2*w = 4*t + w + 348. Let g = -66 - t. Calculate the remainder when 58 is divided by g.
18
Let k(c) = -2*c**3 + 3*c**2 + 3*c + 1. Let h be k(-1). What is the remainder when 25 is divided by ((-108)/6)/(1 - h)?
7
Suppose -1095 = -2*z - 3*z. Suppose -66 = -u - j, -2*u + 5*j = 2*u - z. Calculate the remainder when u is divided by 31.
30
Let d(v) = 1 + 8*v - 3 + 17*v. What is the remainder when d(3) is divided by 25?
23
Let m = 738 + -506. Suppose 5*v - 143 = m. Calculate the remainder when v is divided by 27.
21
What is the remainder when (-70)/((-2)/5 + (-3)/5) is divided by 23?
1
Let x(o) = -o**3 - 4*o**2 - 16*o - 61. What is the remainder when 262 is divided by x(-5)?
42
Let r(k) = 7*k**2 + 10*k - 2. Let w be r(-2). Suppose -w*i + 5*i = 5*p - 55, -2*p - 50 = -2*i. What is the remainder when 148 is divided by i?
28
Let o = 65 - 58. Let x(m) = 4*m**2 - 4*m - 9. Calculate the remainder when x(o) is divided by 32.
31
Let u = -770 - -893. Calculate the remainder when u is divided by 22.
13
Let l = -62 - -65. Suppose c - 16 = -2*b, -2*c - 3*b - 22 + 55 = 0. Calculate the remainder when 46/((1/(-2))/(l/(-4))) is divided by c.
15
Suppose 3*r + 195*n - 200*n - 1 = 0, r = 4*n - 2. Calculate the remainder when 6 is divided by r.
0
Let o(g) = -16 - 19 + g**2 + g + 5*g + 14. What is the remainder when o(9) is divided by 23?
22
Suppose -7*y = 6847 - 7470. What is the remainder when y is divided by 59?
30
Suppose 0 = 3*z - z, -4*z - 11 = -n. What is the remainder when n is divided by 3?
2
Let p(g) = g**2 + g + 14. Calculate the remainder when p(8) is divided by 76.
10
Suppose 60 - 6 = i. Calculate the remainder when 44 is divided by ((-7)/21)/((-3)/i).
2
Let a = 554 + -269. Calculate the remainder when a is divided by 6.
3
Let g = 580 + -533. What is the remainder when 1266 is divided by g?
44
Let t be (120/48)/((-2)/(-20)). Suppose -2*m + 3*m - t = 0. Calculate the remainder when m is divided by 8.
1
Suppose -3 = -3*n + 12. Let p = 25 - 21. Calculate the remainder when (-2)/1 + n + 2 is divided by p.
1
Let t be (-112)/(-42)*129/4. Let q = t - 54. What is the remainder when q is divided by 9?
5
Let z = 941 + -934. Suppose -3*m = -2*m - 5. Suppose m*n - 105 + 10 = 0. Calculate the remainder when n is divided by z.
5
Suppose -7*t = -11*t + 268. Calculate the remainder when t is divided by 19.
10
Suppose 366 - 22 = 8*p. What is the remainder when p is divided by (20/(-3) - 1)*-3?
20
Suppose 3*q + 0*q - 4*j - 30 = 0, 4*q - 3*j - 47 = 0. What is the remainder when q is divided by 3?
2
Let z = -215 + 216. Calculate the remainder when 1*(0 - 1 - -2) is divided by z.
0
Let l = 57 - 55. Let y(b) = -2*b - 4. Let k be y(-3). Suppose u + 7 = -k*z - 4*u, -z = -4*u - 16. Calculate the remainder when z is divided by l.
0
Suppose 0 = 12*c - 13*c + 88. What is the remainder when c is divided by 51?
37
Let x(t) = -3*t + 166. Calculate the remainder when x(15) is divided by 57.
7
Suppose 0 = 3*u - 6, -101 + 303 = 4*v - 5*u. Let y = -3672 + 3829. What is the remainder when y is divided by v?
51
Let k(i) = -11*i - 27. Let u be k(-7). Let r = u - 27. Calculate the remainder when 67 is divided by r.
21
Let k(d) = 2*d**2 + 79*d + 317. What is the remainder when k(-36) is divided by 208/6 - 2/3?
31
Let r = 339 + -236. What is the remainder when r is divided by 75?
28
Suppose -8 = -4*k, k = -2*r + 6*k + 214. Calculate the remainder when r is divided by 40.
32
Suppose -51 = -k - 0*k. Suppose -2*p = 3*y - 5 - 30, -p + y = -10. What is the remainder when k is divided by p?
12
Let p = -5 + 8. Let g = 21333 - 21317. Calculate the remainder when g is divided by p.
1
Suppose -3*i - 3*u + 11 + 16 = 0, -5*u - 27 = -3*i. Suppose -18*k = -16*k. Suppose 5*z + 2*z - 35 = k. What is the remainder when i is divided by z?
4
Suppose 486 = 13*v + 83. What is the remainder when 183 is divided by v?
28
Let f = 956 + -908. What is the remainder when 1390 is divided by f?
46
Let z be (5/(10/3))/((-9)/(-78)). What is the remainder when ((-63)/15)/(2/(-10)) is divided by z*4/4 - 5?
5
Let i be (-9)/(-2) - (-1)/2. Suppose 0*y - a = -4*y + 72, -a = -i*y + 90. Suppose -891 = -430*k + 403*k. What is the remainder when k is divided by y?
15
Let t(n) = 3*n**2 - 172 - 10*n + 176 - 5*n**2 + n**2. What is the remainder when 97 is divided by t(-8)?
17
Let h(p) = -3*p - 8. Suppose -2*v = 5*j - 105, 7*v - 110 = -5*j + 4*v. Calculate the remainder when j is divided by h(-6).
9
Let z(b) = b**3 - 5*b**2 + 22. What is the remainder when 115 is divided by z(6)?
57
Suppose 5*y - 2*b + 228 = 0, -y = b - 16 + 56. Let f = -22 - y. Calculate the remainder when 61 is divided by f.
17
Suppose 3*n + 2*d = 352, 338 = 4*n + 2*d - 134. What is the remainder when 27 is divided by 1784/n + ((-26)/30 - -1)?
12
Let f(t) = 2*t**3 + 5*t**2 - 12*t + 27. What is the remainder when f(10) is divided by 73?
71
What is the remainder when 86 is divided by (-205)/246 - 394/(-12)?
22
Let j(g) = -4*g + 36. Suppose -5 = -t - 3. Suppose v + 44 = 5*n - t*v, 22 = 3*n - 4*v. What is the remainder when n is divided by j(8)?
2
Let m(i) = i**2 + 9*i - 24. Calculate the remainder when m(-17) is divided by 30.
22
Suppose j = -0*w + 2*w + 6, -3*w = 4*j - 13. Suppose 53 = j*d + 3*i - 48, -4*d + 136 = -4*i. What is the remainder when d is divided by 15?
14
Let y(f) = 5*f + 1. Let g be y(1). Suppose 0 = -4*d + 2*d - g. Calculate the remainder when 29 is divided by (1/(-3))/(d/54).
5
Let k be ((-21)/(-3)*-2)/(-2). Let q(p) = 4*p**2 - 15*p - 2. Let t be q(k). Suppose -21 = 4*d - t. Calculate the remainder when 67 is divided by d.
16
Suppose 0 = 4*s - 2*s - 30. Let p(u) = 3*u**2 - 3*u - 3. Let o = -11 - -7. What is the remainder when p(o) is divided by s?
12
Let g = 16 + -22. Let m(a) = a**3 + 6*a**2 + 19. What is the remainder when 36 is divided by m(g)?
17
Suppose -14*q = -27*q + 65. Calculate the remainder when q is divided by (3 - 4)/(2 + (-1 - 2)).
0
Suppose -7*s + 1420 - 195 = 0. Suppose -s*q + 172*q + 117 = 0. Calculate the remainder when 75 is divided by q.
36
Let u = -139 + 276. What is the remainder when u is divided by 20?
17
Let u(c) = c. Let 